((-18)/s)/((-10)/25)?
9
Suppose -d + 19 = 1. What is the tens digit of d?
1
Suppose 12 = 2*h - 60. Let d = -21 + h. What is the tens digit of d?
1
What is the tens digit of (-5)/((14/4)/(-7))?
1
Suppose -i - 12 = -5*n, -2*i - n + 9 = -0*i. Suppose -i*y + 2*g = -48 - 43, -3*g + 45 = y. Suppose -p + y = 13. What is the tens digit of p?
2
Let d(w) be the second derivative of -w**3/6 + 7*w**2/2 + 2*w. What is the tens digit of d(-7)?
1
Suppose 18 = p - 9. Suppose -4*b - i + p = 0, 0 = -0*b + 3*b - 5*i - 49. What is the units digit of b?
8
Let z be (-2)/(1/((-7)/(-2))). Let r = 8 - z. What is the units digit of r?
5
Let v(x) = -x**3 + x + 20. Let k be v(0). Let z = k - 29. Let m = -1 - z. What is the units digit of m?
8
Suppose 5*b = 4*f + 42, -10 - 2 = -3*b - 2*f. Let z = 12 + -2. What is the units digit of b/(-15) - (-134)/z?
3
Let d(s) = s**2 - 9*s - 14. Let q be d(10). Let l = q + 5. What is the units digit of l*3 - (4 + -20)?
9
Let l = -12 + 20. What is the tens digit of l/36 + 178/9?
2
Suppose -7 = 2*v - 3*v. Suppose 25 = 4*y - v. What is the units digit of y?
8
Let k be 12/(-18) - (-20)/3. Suppose k*d - 21 = 3*d. Let x = -2 + d. What is the units digit of x?
5
Let p(u) = -6*u - 13. What is the units digit of p(-4)?
1
Let q be 34/6 - (-2)/(-3). Suppose -q*k + 216 = -k. Suppose -4*i + k = 5*g, -i + 9 = -0*g - g. What is the units digit of i?
1
Let f = 6 - 5. What is the tens digit of (1 - 0)*f - -41?
4
Suppose 6*w = w + 55. Let u = 17 + -2. Let r = u - w. What is the units digit of r?
4
Suppose 0 = -5*f - 44 + 144. Suppose f = -j - 4*j. Let v(a) = -a. What is the units digit of v(j)?
4
Suppose -3*j = -29 - 10. What is the units digit of j?
3
Let g = -1 + 1. Suppose q = 5*j + 24, g*q + 12 = 4*q + j. Suppose 3*d = q*p + 15 + 4, -d = 4*p + 15. What is the units digit of d?
1
Suppose -3*g = -0*g - 60. What is the units digit of g?
0
Let i be 1*((1 - 4) + -4). What is the units digit of 2 - (0 + i)/1?
9
Let l be 20 + 1 - (0 - -1). Suppose -8*j + l = -4*j. Suppose -f + j = -5*t, -3*f - 4*t - t + 35 = 0. What is the tens digit of f?
1
Suppose -4*z = z - 30. Let b be 1/((-3)/z*-2). Let h = b - -1. What is the units digit of h?
2
Let q = 10 + -1. Suppose -7*v - 22 = -q*v. What is the units digit of v?
1
Suppose a + 3*o - 11 = 0, -3*a - 3*o + 2*o + 9 = 0. Let p be (-2)/(-8) + a/(-8). Let b = 4 + p. What is the units digit of b?
4
Let u(q) = 3*q**2 - 23*q. What is the tens digit of u(12)?
5
Let m be 1*(-1 + -1 + 2). Suppose -3*r - 42 = -m*r. What is the units digit of r/((0 - -1) + -3)?
7
Suppose v + 0 - 2 = 0. What is the units digit of v/3 - 640/(-30)?
2
Let t = 12 - -6. What is the tens digit of t?
1
Suppose b + 1 = 4*j - 11, -2*b + 2 = 5*j. Suppose -3*d = j*d - 175. What is the tens digit of d?
3
Let a be (1/(-3))/(2/(-24)). Let w(g) = 4*g**2 - 7*g + 7. What is the units digit of w(a)?
3
Suppose 0 = -2*o - i + 15, 0 = -2*o - 3*i + i + 20. Let l be -3 - -6 - (-6)/(-1). Let y = o + l. What is the units digit of y?
2
Let a be (-5 - -3)*(-13)/2. Suppose 4*g + 4*o + 8 = -36, -g + o = a. Let k = g - -21. What is the units digit of k?
9
Let u(j) = -j**2 + 4. Suppose 6*r = 4*r. Let b be u(r). Suppose -3*s - 1 = -b*z - 6*s, 0 = 3*z + 2*s - 1. What is the units digit of z?
1
Suppose -l + 3*l + 8 = 0, 5*o = -2*l + 37. What is the units digit of o?
9
Let w = -7 + 9. Suppose 0 = -w*h + h. Let q(d) = -d**3 + d + 19. What is the units digit of q(h)?
9
Let u = 248 + -137. What is the hundreds digit of u?
1
Let m(q) = q**2 + 3*q - 2. Let z be m(-4). Let x = z - -21. What is the tens digit of x?
2
Let w = 3 - 3. Let d be (w/(-1))/(1 + -2). Suppose -4*i + a + 2 = -0, 5*a - 10 = d. What is the units digit of i?
1
Let j(u) be the first derivative of u**3/3 - 5*u**2/2 - 5*u - 6. What is the units digit of j(6)?
1
Let k be 3/9 - (-4)/6. Let n(s) = 22*s**3 + 2*s**2 - 1. What is the units digit of n(k)?
3
Suppose -4*u = 4*l - 128, u - 6 = -5*l + 26. What is the units digit of u?
2
Suppose g = 477 - 195. What is the hundreds digit of g?
2
Suppose -3*u + 10 = 2*b - 0*b, -2*b + 14 = 5*u. What is the tens digit of ((-13)/u)/((-9)/18)?
1
Let w(o) = -o**2 + 4*o. Let h be w(4). Suppose -i + 2 + 0 = h. What is the units digit of i?
2
Suppose 861 + 1014 = 5*f. What is the tens digit of f?
7
What is the hundreds digit of (11/3)/(2/66)?
1
Let d be 7*(60/21)/2. Suppose -o + d = 2*n, 2*n + 3*n = o + 18. Suppose -o*h + 1 = -21. What is the tens digit of h?
1
What is the units digit of ((-429)/9 + 2)*(-3 - 0)?
7
Let a = -1 - -6. Suppose 2*k - 3*k - 4*m = -26, a*k = 5*m + 30. What is the units digit of k?
0
Let z = 273 - 177. What is the tens digit of z?
9
Let g be (-1 + -1)/((-12)/24). Suppose -3*n = -4*n + 38. Suppose g*w = 6*w - n. What is the units digit of w?
9
Suppose -22*p + 17*p = -480. What is the units digit of p?
6
Let y = 16 + -4. What is the tens digit of y?
1
Let x = 0 + 5. Suppose 7 = q - x*f, 2*f - 1 + 14 = q. Suppose -2*o + q = -11. What is the units digit of o?
4
Let v(b) = -b**2 + 8*b - 9. Let o be v(6). Suppose -o*t + 104 + 22 = 0. What is the tens digit of t?
4
Let s(r) = 12*r + 9. Let t(q) = -6*q - 4. Let x(p) = 4*p**3 - p**2 - p. Let c be x(-1). Let d(b) = c*s(b) - 9*t(b). What is the units digit of d(3)?
8
Let s(f) = -f - 1. Let m(h) = h**3 + 2*h**2 - 3*h - 4. Let i be m(-3). Let z be s(i). Suppose z*r - 4*q - 16 = 0, -2*q = -3 - 1. What is the units digit of r?
8
Suppose 3*g = -3*f - 15, g + 3*f + 3 + 6 = 0. Let u = g + 5. Let v(j) = 2*j**2 - 2*j + 2. What is the units digit of v(u)?
6
Suppose 96 = 3*y - 0*y. What is the units digit of y?
2
Suppose a + 5 = -1. Let f(v) = -3*v - 6. What is the tens digit of f(a)?
1
Let a(t) = t**3 - 3*t**2 + 4*t + 1. Let l be a(3). Let u be (-4)/6 - (-10)/(-3). Let m = l + u. What is the units digit of m?
9
Suppose 0*x - 4 = 4*p - 2*x, -3*p + 11 = -5*x. What is the units digit of 12*((-4)/p - 0)?
6
Let b(r) = r**3 + 6*r**2 + 3*r + 4. Let a be b(-3). Let m = 8 - -2. Suppose 0 = 4*o - m - a. What is the units digit of o?
8
Let m be (48/18)/((-2)/(-3)). Suppose -20 = -m*p + 3*p. What is the tens digit of p?
2
What is the hundreds digit of (156 - 1) + 6*5/10?
1
Suppose -4*b + u + 25 = 0, 20 = -b - 8*u + 3*u. Let o = 0 + b. Suppose 4*s - 5*f = -s, -o*f = 3*s - 16. What is the units digit of s?
2
Let y = -73 - -113. What is the units digit of y?
0
Let x = 215 + -120. Suppose -4*m = m - x. What is the tens digit of m?
1
Let l be 4/(-3)*-3*3. What is the units digit of 123/4 + 3/l?
1
Let s = 18 - -44. What is the units digit of s?
2
Let n = -3 - -8. Let d be (n/(15/(-6)))/(-1). Let k = d - -10. What is the tens digit of k?
1
Let a(p) = p**2 - 3*p - 7. Suppose 2*c = 4*c + 14. Let l be 2/(-14) + (-36)/c. What is the units digit of a(l)?
3
Suppose -5*y = 26 - 156. What is the units digit of y?
6
Let t be 2/4 - (-65)/2. Suppose t + 57 = 5*y. Let w = -10 + y. What is the units digit of w?
8
Suppose -j = 5*j - 786. What is the hundreds digit of j?
1
Suppose -67 = 3*t + 47. Let o = t + 67. Suppose -3*p + 44 = -2*c, p = 4*c - 1 + o. What is the units digit of p?
2
Suppose -2*y - 40 = 5*v, y - 2*v = 3*v - 5. What is the units digit of (2/6)/((-5)/y)?
1
Suppose 3*i + 2*i = 20. Suppose -2*l + l = 3, -4*w - i*l - 12 = 0. Let o = 12 + w. What is the tens digit of o?
1
Let x = 82 - 67. What is the tens digit of x?
1
Let s be 1/3 + 260/12. Suppose z - s = -1. What is the tens digit of z?
2
Suppose 3*g - 57 = -3*p, -7 = -2*p - 5*g + 22. Suppose -2*y = -0*y - p. Suppose 2*i - 5 - y = 0. What is the units digit of i?
8
Let q = 15 + -33. What is the units digit of (-42)/q - (-4)/6?
3
What is the tens digit of (1*(-5 + 6))/((-2)/(-70))?
3
Let i(v) = 2 + 20*v - 8*v - 13*v + v**2. What is the units digit of i(-2)?
8
Let a = -22 - -10. What is the units digit of a/20 - 233/(-5)?
6
Let n(c) = -c**2 + 2. Suppose -p = 2*a - 6, 2*a = -4*p + 26 + 4. Let q(o) = o - 8. Let k be q(p). What is the units digit of n(k)?
2
Let q be 0 + 0 - 561/(-11). Suppose 60 = 4*i + 3*g, 5*g + q = 5*i - 59. What is the tens digit of i?
1
Suppose -u - 3*g = -8*g - 9, -3*g = 3. Suppose 3*d - 5*k + 11 = 0, -k - 3 = -d - 6*k. What is the units digit of 1 + u/d + 5?
4
Suppose a + 215 = 6*a. Suppose -4*l = 5*g - 140, -a = -5*g - l + 97. What is the units digit of g?
8
Let i be (-1 + -4)*(6 